the value of -2 + (-2 - -1) - (11 - 10)?
-4
What is -2 - -6 - (3 - 0) - 5?
-4
Evaluate -2 + -3 - (6 + -6) - -10.
5
Evaluate 7 - -2 - (6 + (1 - 6)).
8
3 + (-4 - -1) + 3
3
What is 4 - 3 - (-1 - (1 - 5))?
-2
What is the value of (-2 - 0) + (-2 + -14 - -21)?
3
What is -7 - -6 - (3 - 0 - 3)?
-1
-5 - ((3 - 0) + -12)
4
Evaluate -1 - 1 - (-4 - (-1 + -6)).
-5
What is the value of -4 - 0 - (62 + -74)?
8
Evaluate -2 + (4 - 2) - -3 - -2.
5
Calculate 2 - (11 + (-6 - (1 - 1))).
-3
Evaluate 1 - (5 + -7 - (0 + -2)).
1
-7 + 0 + (4 - 2) - -8
3
Calculate -6 + 7 + 3 + (2 - 2).
4
What is the value of -45 + 43 + (1 - 0)?
-1
Calculate 6 + 1 + -12 + 0 - -9.
4
Calculate 67 + -73 + (7 - -1).
2
-10 - (-2 + 0) - (-107 - -105)
-6
Calculate 2 - 2 - (-1 - (-2 - 3)).
-4
Calculate 1 - ((9 - -1) + -10).
1
Calculate -7 + 6 + (1 - 4).
-4
What is -10 + 16 + (2 - 4)?
4
What is 5 - (17 + -5 + -1 - 1)?
-5
What is the value of 4 + (2 - 1) + -4 + 1?
2
Evaluate -2 + -3 + 4 - -1.
0
What is -4 - (-1 - (6 - 11))?
-8
What is -5 - (-3 + (3 - -1 - 2))?
-4
What is the value of 4 + -1 + -16 + 9?
-4
What is the value of -2 - ((-3 + -1 - 0) + -1)?
3
What is the value of 1 + -9 + -1 + (1 - 0)?
-8
What is 13 + (6 - (12 + 6))?
1
What is the value of 2 + 2 - (0 + (-1 - -4))?
1
What is 11 - (-9 - -23 - 3)?
0
1 + 0 - (0 - -4)
-3
-1 - 0 - (82 + -77)
-6
Evaluate -3 - (-3 - -2) - -7.
5
What is the value of 1 - (-4 - (-4 - -2))?
3
-9 + ((2 - -3) + -9 - -9)
-4
Evaluate -3 + 12 + -3 - (3 + 3).
0
2 + (-6 - -6) - (-2 - 1)
5
2 + 0 - (4 + -6)
4
0 + (-2 - (1 + -2))
-1
What is the value of 73 + -76 + 8 + 0?
5
Evaluate -6 + (9 - (7 + 3)).
-7
What is 3 + (-2 + -2 - 0)?
-1
Calculate 0 + (6 - 4) - (5 - 4).
1
What is the value of 1 + -9 + 12 + 1?
5
4 + -2 - (7 - 0)
-5
Evaluate -1 - (11 + -11 - (-1 + -2)).
-4
5 - (4 - (1 + 3))
5
Evaluate 1 + (-4 - (3 + -2 + -2)).
-2
What is the value of -2 - ((16 - 14) + 0 + 0)?
-4
Evaluate 4 + -6 + (6 - 6).
-2
What is -2 + 3 - (2 - 2) - -1?
2
Evaluate 7 + -9 + -13 + 9.
-6
Calculate 1 + (6 + -4 - -1).
4
What is (5 - (-2 - -14)) + 3?
-4
What is (0 - (0 - 0)) + (-2 - -1)?
-1
Evaluate 3 + (-1 - 9) + 9.
2
0 + (0 - 1) + -39 + 44
4
Calculate (-8 - 4 - -11) + 3.
2
Evaluate 1 + (1 - 2) + 8 + -7.
1
Calculate 9 + -1 - (4 - -14) - -3.
-7
What is the value of -1 + 1 + 3 - (-2 + 4)?
1
What is the value of 3 + 0 + (2 - 19) + 19?
5
Calculate 7 - (8 - 14) - 9.
4
What is the value of (-13 - -1) + (9 - 2)?
-5
What is the value of -6 - (4 + 2 + -15)?
3
Calculate (0 - 7) + (0 - (-1 + -7)).
1
What is -11 + 10 + -8 + 14?
5
What is (7 - 6) + -3 + -3?
-5
-5 + (5 + 5 - 4)
1
-11 - -7 - (-4 - 2 - -9)
-7
What is 1 + 1 + 0 + 0?
2
Calculate 1 + -5 + 3 - 2.
-3
Evaluate 2 - ((1 - -1) + -1 + 5).
-4
What is 0 + (-8 - -2) + 1?
-5
Evaluate (-5 + 7 - -2) + 1.
5
Calculate (1 - (-5 - -3)) + 1 + -3.
1
Calculate 10 + -9 - -5 - (5 - -1).
0
What is -1 - -8 - (4 + -1)?
4
3 + 1 + (-2 - -2)
4
What is the value of -3 + (7 - (-1 + 1 + -1))?
5
Evaluate (84 - 77) + (1 - 1) - 5.
2
Evaluate -6 + 6 - (-1 + 4) - -6.
3
What is -3 + 4 + -3 - (-1 - 5)?
4
Evaluate (2 - 1) + 2 + -1 + 2.
4
What is the value of 12 - ((29 - 13) + -2)?
-2
Calculate -1 + -13 + 9 + 1 + -1.
-5
-17 + 1 - (-7 - 3)
-6
What is 5 + -12 - (-12 + 6)?
-1
What is (5 - (15 - 6)) + (9 - -3)?
8
What is (7 - 1) + -5 - (2 - 0)?
-1
Evaluate -9 + 17 + (-1 - 2).
5
(1 - (-7 - -5)) + -1
2
What is 1 - 4 - (-1 + 5 + -10)?
3
What is (13 - (6 + 2)) + -6?
-1
Evaluate 14 - (9 + (-8 - -7)).
6
(-8 - 8) + 11 + 5 + 0
0
Evaluate (-13 - -5 - 8) + 10.
-6
What is (-3 - -1) + -5 + 3 + 2?
-2
What is the value of -5 - (1 + (-5 - 4) + 4)?
-1
What is the value of (0 - 8) + 5 - -6?
3
Evaluate 1 - 6 - -2 - (0 + -2).
-1
What is (-7 - (-6 + 7)) + 6?
-2
What is (-3 - 0 - -5) + -4?
-2
What is the value of 1 - -6 - (7 - (-3 - -6))?
3
Evaluate 3 - 2 - 3 - 5.
-7
Evaluate -4 + -4 + 4 - (-7 - -2).
1
12 - (9 + (8 - 8))
3
Evaluate 2 - (-8 + (-5 - -11)).
4
-1 - (-1 + (-3 - 2))
5
Evaluate (4 - 8) + 10 + 0.
6
(-7 - -9 - 6) + (-3 - -5)
-2
Evaluate -5 + 14 + (-1 - 3).
5
Calculate -7 + (-4 - -4) + 7 - -5.
5
What is the value of -5 + 10 + -2 - 4?
-1
-2 - ((-1 + -4 - -3) + 2)
-2
What is the value of 1 + 0 - 5 - -2?
-2
2 + (3 + -7 - -6) - -4
8
Evaluate 5 - 0 - (13 - (-2 - -10)).
0
What is the value of (3 - -2) + -4 + -4?
-3
Evaluate 8 - (5 + (4 - 4) + -8).
11
Calculate 4 + -2 + 1 + 0.
3
Calculate (10 - (-1 + 3)) + -6.
2
Evaluate (0 - -2 - -1) + 1 + -2.
2
-4 + (0 + 0 - (-3 + 3))
-4
Calculate (-5 - 3) + -1 + 14.
5
4 + (0 - -8 - 8)
4
What is 0 + (-2 - (-10 - -5)) + -1?
2
2 - (-5 - ((-5 - -4) + -3))
3
Evaluate -7 - (0 - (3 - 9 - -9)).
-4
Calculate -8 + (10 - 0) + (5 - 1).
6
Evaluate -2 + 3 - (-3 + (10 - 6)).
0
What is 3 - (7 - 0 - 3)?
-1
Calculate -2 + 1 + 3 + -15 + 9.
-4
Calculate 0 - 1 - (3 + -5).
1
Evaluate 4 + -2 + 0 + -2 + 2.
2
What is -6 - (-3 - -3) - -1?
-5
Evaluate -5 - (-2 - (1 - 0)).
-2
Evaluate -2 + 1 + (-2 - (-5 - 1)).
3
-1 - 1 - (-7 - -3)
2
Evaluate -5 + -4 + -3 - 2 - -7.
-7
Calculate (14 - 2) + -6 + -2.
4
4 + (-3 - (-4 - -5))
0
(122 - 122) + (1 - (-1 - -6))
-4
Evaluate (1 - 3 - 3) + 2.
-3
What is 3 + 0 + -2 - 6?
-5
Evaluate -29 - -20 - (-6 + 2 + -1).
-4
Calculate -139 - -146 - (14 + 1 + -2).
-6
(-2 - -3) + (5 - 2 - 0)
4
What is the value of (1 - -1) + (1 - (-8 - -16))?
-5
Evaluate 3 - 0 - -1 - (5 + -4).
3
(5 - 13 - -3) + 6
1
What is (-12 - 1) + 2 - -1?
-10
What is 0 - (1 + 1 + -1 + -3)?
2
Calculate (-2 - 1) + 0 + (7 - 5).
-1
What is 4 + -1 + -4 + 3?
2
What is the value of ((-6 - -3) + -16 - -7) + 3?
-9
Calculate 1 + -4 - 6 - (-8 + 2).
-3
What is -11 + 14 - (1 - -2)?
0
Evaluate -2 + (5 - (19 - 10)).
-6
What is -4 - (2 + -3 + 0 + -7)?
4
What is 3 + -3 - ((-3 - -14) + -6)?
-5
Calculate 1 + -1 + 2 - 4.
-2
What is -5 + (-6 + 3 - -4) + 3?
-1
What is (3 - 2) + (6 - 8) + 3?
2
What is 4 - 0 - ((-7 - -6) + 4)?
1
Evaluate -1 + (3 - 2) + (-1 - 2).
-3
Evaluate -1 - -3 - (14 + -10).
-2
What is the value of -1 + (4 - 3) + (0 - 4)?
-4
Evaluate (-1 - (0 + 9 + -6)) + 6.
2
Calculate (-238 - -248) + -3 + 1.
8
What is the value of -1 + (2 - -1) + -1?
1
Evaluate 25 + -15 + 3 + (-5 - 2).
6
-4 + 2 + (-3 - -4) + 6
5
What is 7 - (-2 - (6 - 4) - -6)?
5
What is the value of -5 + (13 - -5) + -7 + -6?
0
6 - (7 + (5 - 12))
6
What is the value of 1 + 10 - (8 + -3)?
6
What is (-3 - (0 - 10)) + -5 - -6?
8
What is the value of (-1 - 2) + (6 - (4 + -1))?
0
Calculate -7 + 3 - (-8 + -2).
6
Evaluate 2 - (4 - (5 - 2 - 1)).
0
Evaluate -11 + 4 - (9 + -10).
-6
-4 + 3 - (-7 - -1)
5
What is the value of -16 + 9 - (-4 - 1)?
-2
Evaluate 7 + (7 - 16) - -4.
2
What is -1 + 7 + -1 + -10?
-5
Evaluate (-2 - 0) + 4 - (1 + 1).
0
What is (1 - 17) + 18 + 0 + 1?
3
Evaluate -13 + 14 + -20 + 13.
-6
(-7 - (-1 + -3)) + -2 + 3
-2
7 - (0 - (-13 - -1))
-5
(2 - 14) + (-16 - -34)
6
Calculate -2 + -1 + -3 - (1 + -3).
-4
Calculate (-5 - -4) + -2 - 3.
-6
Evaluate 4 + -5 + (0 - (-1 + 0)).
0
What is the value of (-30 - -8) + 17 - (6 - 2)?
-9
(-15 - (-7 - 8 - -8)) + 1
-7
What is 11 - 3 - (16 - 7)?
-1
(-5 + 0 - -4) + 0 + -3
-4
Calculate 5 - (-9 + 25 + -8).
-3
3 - 1 - (-1 + -3 - -2)
4
Evaluate -4 + 0 + 3 + 4.
3
What is the value of (4 - (3 - -3)) + 2?
0
Calculate (-7 - (-8 + -6)) + -3.
4
Evaluate 0 + -8 - ((-2 - 6) + 6).
-6
-4 - (5 + (-4 - 0)) - -1
-4
What is -3 - (-4 + 1 + -6 + 8)?
-2
Calculate -4 + -3 + 5 + 4.
2
(11 - (4 - (-6 + 7))) + -3
5
What is the value of (3 - 6) + 11 + -8?
0
What is 2 - 11 - (-6 - (2 + -5))?
-6
What is the value of -3 - (4 + -5) - -2?
0
What is the value of 6 + (-7 - -8 - (3 - 0))?
4
3 + (2 - 4) + 0 - -4
5
What is the value of (3 - 7) + 6 + -5?
-3
Calculate 38 + -46 - (-13 - 0).
5
Calculate (4 - -21) + -15 - (3 + -1).
8
What is the value of -1 + -7 + 7 + (1 - 3)?
-3
What is the value of -4 - -10 - (-1 - -3)?
4
1 + (3 - (-7 + 4 + 7))
0
Calculate 4 + (-2 - 2) - (0 - -3).
-3
Evaluate 2 - (0 - (6 + -6)).
2
Evaluate 4 + -3 + 2 + 1.
4
What is the value of 22 + -19 + 10 - 5?
8
Calculate -4 + 11 + (5 - -1 - 8).
5
1 + 0 + -3 + 2 - 6
-6
Evaluate 14 - (0 + 2) - 5.
7
-1 + 2 + 5 + -1
5
Evaluate 0 - (1 - 6) - (0 + 4).
1
-1 - (-3 + 5) - -8
5
Calculate (0 - 2) + -7 + 6.
-3
What is (1 - -2) + 2 + 7 - 3?
9
6 - 1 - 12 - -7
0
Evaluate 2 - (-1 - -3 - (-10 + 5)).
-5
-2 + (1 + -4 - 0)
-5
What is (3 - (-4 - -9)) + 0?
-2
5 + -2 - -1 - 4 - 4
-4
-339 + 345 - (0 + -1 - -14)
-7
1 + -5 + 